
Let z(r) = 301*r - 60. What are the prime factors of z(8)?
2, 587
Suppose 0 = 3*x - 7 - 5. Let w be (-1)/x - 35/4. List the prime factors of (-6)/w + 188/6.
2
Let t = -4611 - -8581. List the prime factors of t.
2, 5, 397
Let j(b) = 513*b + 11. What are the prime factors of j(1)?
2, 131
Suppose 3*p - 56 = 2*o, -76 = 2*o + 2*p - 0*p. Suppose 5*g = -0*g - 20. Let b = g - o. What are the prime factors of b?
2, 3, 5
Suppose -3*w = -6*w + 36. Let u be 0 - (-3)/(9/w). Suppose 0 = -3*a - f + 11, f = -3*f - u. What are the prime factors of a?
2
Let k(f) = 2*f**3 - f**2 + 3*f - 2. Let x be k(1). Let d = x - -10. List the prime factors of d.
2, 3
Let c(k) = -7*k**2 + 6*k**2 - k**3 + 14 - 2 + 48. Let a be c(0). Let t = a - 33. What are the prime factors of t?
3
Suppose 8 = -4*x, -5*q - x - 1195 + 7778 = 0. List the prime factors of q.
3, 439
Let g(z) = -15*z + 28. Let q be g(8). Let b = q + 146. What are the prime factors of b?
2, 3
Let n(x) = x**3 + 14*x**2 + 14*x + 15. Let u be n(-13). Suppose 0 = u*w - 13 - 95. What are the prime factors of w?
2, 3
Let l(c) = -1186*c - 10 - 10 - 11 + 1223*c. List the prime factors of l(6).
191
Suppose 4*p = 5*p. Suppose p = 4*b - 472 - 200. Suppose -68 + b = 5*k. List the prime factors of k.
2, 5
Let a(d) = -153*d + 34. List the prime factors of a(-7).
5, 13, 17
Suppose y + 248 = 9*y. Suppose 0 = 3*w + 51 - 12. Let p = y + w. List the prime factors of p.
2, 3
What are the prime factors of 4/(-3) - 200487/(-63)?
3181
Let m(p) = -p - 4. Let z(f) = -f**3 + 8*f**2 - f + 2. Let a be z(8). Let x be m(a). Suppose x = -4*q + 18. List the prime factors of q.
2
Suppose 4*y - 26 = 3*j, -3*j - 2*j = -y - 2. Let i(h) = 33*h - 60. What are the prime factors of i(y)?
2, 3, 17
Let v(u) = 9*u**2 + 2. Let z be v(4). Let g = -99 + z. What are the prime factors of g?
47
Let h be 1166/2 - (0 + -5). Suppose -3*l - 2*r + 7*r + h = 0, 0 = 2*l + r - 379. List the prime factors of l.
191
Suppose h = -h + 114. Let y = h - 29. What are the prime factors of y?
2, 7
Suppose 5*r + 4*p - 245 = -p, 0 = -5*r + 3*p + 285. Suppose 5*o - 60 = 5*l, o = -3*o + l + r. What are the prime factors of o?
2, 7
Let z(h) be the first derivative of h**2/2 - 6*h - 43. Let o = -15 + 23. What are the prime factors of z(o)?
2
Let y(t) = -t + 6. Let p be y(8). Let h be 0 + p + -23 + 7. Let v = -10 - h. What are the prime factors of v?
2
Suppose -3*k = 5*v - 8458, 5*v = -6*k + 2*k + 8454. List the prime factors of v.
2, 7, 11
Let f = -157 - -69. Let k = -46 - f. List the prime factors of k.
2, 3, 7
Let t = 151 - 78. Let z = 41 - t. Let p = 49 + z. List the prime factors of p.
17
Suppose 6*k + 887 = 13679. List the prime factors of k.
2, 13, 41
Let v = 7 + -7. Let h be -57*2/(-1) + v. Suppose -h = -4*d + 2*d + 4*t, 5*d = -3*t + 285. List the prime factors of d.
3, 19
Suppose 4*o - 8 = 4. Suppose -2*v - w = 4, -w - 5 = -o*v - 1. Suppose -5*j + v*c = 2*c - 256, 4*j - 185 = 5*c. What are the prime factors of j?
2, 5
Suppose 3*p - 791 - 531 = -4*f, f = 2*p - 863. What are the prime factors of p?
2, 7, 31
Suppose 41 = 3*o - r, 0 = 3*r - r + 10. Suppose 4*u - 3*a - 50 = -0*a, 5*u + 4*a = 78. Suppose -o*n = -u*n + 44. List the prime factors of n.
2, 11
Let f be 23*(-2 - 1) + 3. Let p = f + 88. List the prime factors of p.
2, 11
Let i = 16 + -20. Let h(u) = u**3 + 10*u**2 + 7*u - 5. What are the prime factors of h(i)?
3, 7
Let k be (-7)/(-1) - (6 + -5 - 2). Suppose 5*p + 195 = m, -k*m - 5*p + 915 = -3*m. What are the prime factors of m?
5, 37
Let k(c) = 2*c**2 + 5*c - 2. Let g be k(-4). Let t(f) = 6*f + 16. What are the prime factors of t(g)?
2, 19
What are the prime factors of 371 + (-4 + 2)*3/(-6)?
2, 3, 31
Suppose 3*n + t = 2617, 5*n - 4637 + 262 = -5*t. What are the prime factors of n?
13, 67
Suppose -5*n - 16 = -5*r - 1, 0 = -4*n + 3*r - 7. Let o be (-2)/4*-34 - n. Suppose -3*f = -o - 42. List the prime factors of f.
19
Suppose 0 = 274*m - 288*m + 8554. List the prime factors of m.
13, 47
Suppose 0*f - 36 = -4*f. Let r = f + 9. List the prime factors of r.
2, 3
Suppose 5*d = -4*t + 84, -4*d - 3*t - 2*t + 60 = 0. Suppose 0 = -d*u + 15*u + 25. List the prime factors of u.
5
Suppose 0 = -3*k + u + 7649, 30*u - 26*u = 3*k - 7664. What are the prime factors of k?
2, 7, 13
Let z = -342 - -601. Suppose 375 = 5*n + 5*l, -5*l - 126 - z = -5*n. What are the prime factors of n?
2, 19
Let b = -184 - -280. Suppose 2*x - l + 90 = 3*x, b = x - 2*l. List the prime factors of x.
2, 23
Suppose -212 + 2159 = j. List the prime factors of j.
3, 11, 59
Let o = -7 - -10. Suppose o*b + 2 + 10 = 0. What are the prime factors of (-1)/((-3)/63) - b?
5
Let s = -38 - -301. What are the prime factors of s?
263
Let q = -1 + 4. Suppose 3*p - 3 = 3*v, -q*v - 9 = -5*p + v. Suppose -p*o + 10 = 0, 0 = 2*d - 3*o + 6*o - 66. List the prime factors of d.
2, 3, 5
Suppose -4*u = 5*z - 177, 7*z - 3*z - 20 = 0. Let q = u - 36. Suppose 98 = 2*c + 5*y, 84 = q*c - y - y. List the prime factors of c.
2, 11
Suppose -4*t + 625 = -5*k, -2*k = 2*t + t - 463. Let o = -82 + t. What are the prime factors of o?
73
Suppose -4*c + 3*f = -3135, 1138 = -5*c + f + 5054. What are the prime factors of c?
3, 29
Suppose 2*c - 7*c + 11 = 4*i, 4*c = 3*i + 15. Let n be 8/(-44) - (-46)/11. Suppose 0 = -3*z - 2*z - n*h + 13, c = 3*z + 4*h. What are the prime factors of z?
5
Suppose -50616 = -20*x + x. What are the prime factors of x?
2, 3, 37
Let s = -26 - -26. Suppose -2*u + 51 + 7 = s. List the prime factors of u.
29
Let o(b) = -1. Let g(i) = 19*i + 19. Let w(a) = g(a) - 6*o(a). What are the prime factors of w(6)?
139
Let m(h) = -4 - 6*h + 19*h - 8*h + 66*h**2. List the prime factors of m(1).
67
Let d be 277 - (3 - 2) - -1. Let k = d - 154. List the prime factors of k.
3, 41
Let p(k) = 4*k**2 - 13*k - 78. List the prime factors of p(-17).
3, 433
Let m be -32 - -8 - (3 - 0). Let f = 193 + m. List the prime factors of f.
2, 83
Suppose 0 = 8*t + 23 + 1. What are the prime factors of (-1818)/(-27) - t/(-9)?
67
Suppose 3*v = -7*v - 230. Let c = 32 + v. List the prime factors of c.
3
Let i(r) = -r + 3. Let d(x) = -x + 6. Let a be d(3). Suppose -3*q + 5*w - 23 = -1, a*w + 14 = -5*q. What are the prime factors of i(q)?
7
Suppose -3*z - 4*i + 655 = -401, 0 = 4*z + 3*i - 1408. Let v = -248 + z. What are the prime factors of v?
2, 13
Let i = -2328 - -4221. What are the prime factors of i?
3, 631
Let g(s) = -s**2 + 13*s + 17. Let h be g(14). Suppose 0 = -3*v + 4*v - d - 28, h*v + d = 92. Let z = v + -14. What are the prime factors of z?
2
Suppose -27 = -5*j - 22. What are the prime factors of (5 - -26)*j/1?
31
Let o = -84 - -87. Suppose -o*t = -5*n + 118, 48 = 9*n - 7*n - 2*t. List the prime factors of n.
23
Let x be (-65)/7 + (5 - (-231)/(-49)). What are the prime factors of ((-66)/(-9))/((-1)/x)?
2, 3, 11
List the prime factors of 63/(-6)*560/(-21).
2, 5, 7
List the prime factors of 499*21/(-35)*-5.
3, 499
Suppose 0 = -4*x - 23 + 151. Suppose -2*c + x = 8. What are the prime factors of 3/c - (-140)/16?
3
Let l = -20 + -104. Let t = -88 - l. List the prime factors of (t/(9/3))/2.
2, 3
Let o = -95 + 171. Let t be (-1)/5 + 56/5. Suppose -t - 41 = -3*i - 5*h, o = 4*i + 5*h. What are the prime factors of i?
2, 3
Let d(r) = -4*r + 1. Suppose 5*i = 12 - 32. Let z = i + 3. List the prime factors of d(z).
5
Let r = 94 + -66. Let h be 288/r + 4/(-14). What are the prime factors of 274/h + (-21)/(-35)?
2, 7
Let c(r) = -4*r - 2*r - 6 + r. Let s(j) = -3*j**2 + 18*j - 10. Let x be s(6). What are the prime factors of c(x)?
2, 11
Let a(j) = 14*j**2 + 10*j - 23. List the prime factors of a(4).
241
Suppose 5*n = -2*k + 4*n - 70, k - n = -29. Let l = k + 93. List the prime factors of l.
2, 3, 5
Suppose 4*x + 4*k + 81 = 3*x, 0 = -4*x + k - 256. Let i = 109 + x. Suppose -c = -3*c + i. List the prime factors of c.
2, 11
Suppose p - 70 - 88 = q, 0 = -2*q - 4*p - 316. Let w = -99 - q. List the prime factors of w.
59
Let g(r) = r**3 - 8*r**2 + 7*r - 5. Let c be g(7). Let n(v) = v**3 - 26*v + 6*v**2 + 20*v + 3 + 0*v**3. What are the prime factors of n(c)?
2, 29
Let d(z) = -3*z - 21 + 0*z + 2*z + 97. List the prime factors of d(0).
2, 19
Suppose 0*u + 5*b + 491 = u, 5*b - 2605 = -5*u. List the prime factors of u.
2, 3, 43
Suppose -x - 2 = 0, -4*s + x = -130 - 644. Let z =